{"id":11888,"date":"2024-02-12T10:00:00","date_gmt":"2024-02-12T09:00:00","guid":{"rendered":"https:\/\/www.elha.de\/?p=11888"},"modified":"2025-06-04T15:55:20","modified_gmt":"2025-06-04T13:55:20","slug":"amb-2024","status":"publish","type":"events","link":"https:\/\/www.elha.de\/fr\/events\/amb-2024\/","title":{"rendered":"AMB 2024"},"content":{"rendered":"<p>Apr\u00e8s l'AMB, c'est avant l'AMB !<\/p>\n\n\n\n<p>Sur une surface d'exposition d'environ 170 m\u00b2, nous avons eu l'occasion de pr\u00e9senter notre entreprise et nos derni\u00e8res innovations \u00e0 un large public de professionnels. En tant que site leader pour les machines de pr\u00e9cision et les technologies de fabrication, l'Allemagne est le march\u00e9 id\u00e9al et l'AMB a offert la sc\u00e8ne parfaite pour pr\u00e9senter nos solutions.<\/p>\n\n\n\n<p>Outre des discussions inspirantes, nous avons pr\u00e9sent\u00e9 notre mod\u00e8le PKM en briques de serrage, qui a suscit\u00e9 un grand int\u00e9r\u00eat. En outre, les visiteurs ont pu explorer notre module de fabrication revaloris\u00e9, qui a re\u00e7u une nouvelle fonctionnalit\u00e9 gr\u00e2ce \u00e0 un r\u00e9trofit. Un autre point fort a \u00e9t\u00e9 notre machine \u00e0 sous, qui permettait de gagner des prix passionnants et a suscit\u00e9 de nombreux moments de joie.<\/p>\n\n\n\n<figure class=\"wp-block-video\"><video height=\"1080\" style=\"aspect-ratio: 1920 \/ 1080;\" width=\"1920\" controls src=\"https:\/\/www.elha.de\/wp-content\/uploads\/Sequenz-02_1.mp4\"><\/video><\/figure>\n\n\n\n<p>Vous nous avez rendu visite au salon et souhaitez en savoir plus ? Cliquez sur les boutons ci-dessous pour obtenir plus d'informations sur les domaines suivants. N'h\u00e9sitez pas \u00e0 nous contacter si vous avez des questions.<\/p>\n\n\n\n<!DOCTYPE html>\r\n<html>\r\n<head>\r\n<style>\r\n    .custom-button {\r\n        background-color: #0084bc;\r\n        color: #fff;\r\n        border: none;\r\n        padding: 10px 20px;\r\n        text-align: center;\r\n        text-decoration: none;\r\n        display: inline-block;\r\n        font-size: 16px;\r\n        margin: 10px;\r\n        cursor: pointer;\r\n        border: 2px solid #0084bc;\r\n        border-radius: 0px;\r\n        min-width: 150px; \/* Set the minimum width for all buttons *\/\r\n    }\r\n    .custom-button:hover {\r\n        background-color: #fff;\r\n        border: 2px solid #0084bc;\r\n        color: #0084bc;\r\n    }\r\n<\/style>\r\n<\/head>\r\n<body>\r\n    <a class=\"custom-button\" href=\"https:\/\/www.elha.de\/fr\/machines\/modules-de-cinematique-parallele\/\">PKM<\/a>\r\n    <a class=\"custom-button\" href=\"https:\/\/www.elha.de\/fr\/machines\/modules-de-finition\/\">Modules de fabrication<\/a>\r\n    <a class=\"custom-button\" href=\"https:\/\/www.elha.de\/fr\/after-sales\/\">Retrofit<\/a>\r\n    <a class=\"custom-button\" href=\"https:\/\/www.elha.de\/fr\/machines\/centres-de-fraisage-rotatifs-verticaux\/\">VTM<\/a>\r\n<\/body>\r\n<\/html>\r\n\n\n\n\n<figure class=\"wp-block-gallery has-nested-images columns-default is-cropped wp-block-gallery-2 is-layout-flex wp-block-gallery-is-layout-flex\">\n<figure class=\"wp-block-image size-large\"><img loading=\"lazy\" decoding=\"async\" width=\"705\" height=\"940\" data-id=\"12181\" src=\"https:\/\/www.elha.de\/wp-content\/uploads\/20240910_143931465_iOS-705x940.jpg\" alt=\"\" class=\"wp-image-12181\" srcset=\"https:\/\/www.elha.de\/wp-content\/uploads\/20240910_143931465_iOS-705x940.jpg 705w, https:\/\/www.elha.de\/wp-content\/uploads\/20240910_143931465_iOS-345x460.jpg 345w, https:\/\/www.elha.de\/wp-content\/uploads\/20240910_143931465_iOS.jpg 960w\" sizes=\"auto, (max-width: 705px) 100vw, 705px\" \/><\/figure>\n\n\n\n<figure class=\"wp-block-image size-large\"><img loading=\"lazy\" decoding=\"async\" width=\"705\" height=\"940\" data-id=\"12179\" src=\"https:\/\/www.elha.de\/wp-content\/uploads\/20240910_143813141_iOS-705x940.jpg\" alt=\"\" class=\"wp-image-12179\" srcset=\"https:\/\/www.elha.de\/wp-content\/uploads\/20240910_143813141_iOS-705x940.jpg 705w, https:\/\/www.elha.de\/wp-content\/uploads\/20240910_143813141_iOS-345x460.jpg 345w, https:\/\/www.elha.de\/wp-content\/uploads\/20240910_143813141_iOS.jpg 960w\" sizes=\"auto, (max-width: 705px) 100vw, 705px\" \/><\/figure>\n\n\n\n<figure class=\"wp-block-image size-large\"><img loading=\"lazy\" decoding=\"async\" width=\"705\" height=\"940\" data-id=\"12180\" src=\"https:\/\/www.elha.de\/wp-content\/uploads\/20240910_143911353_iOS-705x940.jpg\" alt=\"\" class=\"wp-image-12180\" srcset=\"https:\/\/www.elha.de\/wp-content\/uploads\/20240910_143911353_iOS-705x940.jpg 705w, https:\/\/www.elha.de\/wp-content\/uploads\/20240910_143911353_iOS-345x460.jpg 345w, https:\/\/www.elha.de\/wp-content\/uploads\/20240910_143911353_iOS.jpg 960w\" sizes=\"auto, (max-width: 705px) 100vw, 705px\" \/><\/figure>\n\n\n\n<figure class=\"wp-block-image size-large\"><img loading=\"lazy\" decoding=\"async\" width=\"940\" height=\"734\" data-id=\"12178\" src=\"https:\/\/www.elha.de\/wp-content\/uploads\/A7400038-1-940x734.jpg\" alt=\"\" class=\"wp-image-12178\" srcset=\"https:\/\/www.elha.de\/wp-content\/uploads\/A7400038-1-940x734.jpg 940w, https:\/\/www.elha.de\/wp-content\/uploads\/A7400038-1-460x359.jpg 460w, https:\/\/www.elha.de\/wp-content\/uploads\/A7400038-1.jpg 1280w\" sizes=\"auto, (max-width: 940px) 100vw, 940px\" \/><\/figure>\n\n\n\n<figure class=\"wp-block-image size-large\"><img loading=\"lazy\" decoding=\"async\" width=\"705\" height=\"940\" data-id=\"12182\" src=\"https:\/\/www.elha.de\/wp-content\/uploads\/20240910_144417541_iOS-705x940.jpg\" alt=\"\" class=\"wp-image-12182\" srcset=\"https:\/\/www.elha.de\/wp-content\/uploads\/20240910_144417541_iOS-705x940.jpg 705w, https:\/\/www.elha.de\/wp-content\/uploads\/20240910_144417541_iOS-345x460.jpg 345w, https:\/\/www.elha.de\/wp-content\/uploads\/20240910_144417541_iOS.jpg 960w\" sizes=\"auto, (max-width: 705px) 100vw, 705px\" \/><\/figure>\n<\/figure>\n\n\n\n<p><\/p>","protected":false},"excerpt":{"rendered":"<p>Date : 10 au 14 septembre 2024<br \/>\nLieu : Stuttgart, Allemagne<br \/>\nHall : 10<br \/>\nStand : B63<br \/>\nwww.messe-stuttgart.de\/amb<\/p>","protected":false},"featured_media":8151,"template":"","categories":[147,149],"tags":[584],"class_list":["post-11888","events","type-events","status-publish","has-post-thumbnail","hentry","category-events","category-events-rueckblick","tag-any"],"blocksy_meta":{"disable_featured_image":"yes","styles_descriptor":{"styles":{"desktop":"","tablet":"","mobile":""},"google_fonts":[],"version":6}},"_links":{"self":[{"href":"https:\/\/www.elha.de\/fr\/wp-json\/wp\/v2\/events\/11888","targetHints":{"allow":["GET"]}}],"collection":[{"href":"https:\/\/www.elha.de\/fr\/wp-json\/wp\/v2\/events"}],"about":[{"href":"https:\/\/www.elha.de\/fr\/wp-json\/wp\/v2\/types\/events"}],"wp:featuredmedia":[{"embeddable":true,"href":"https:\/\/www.elha.de\/fr\/wp-json\/wp\/v2\/media\/8151"}],"wp:attachment":[{"href":"https:\/\/www.elha.de\/fr\/wp-json\/wp\/v2\/media?parent=11888"}],"wp:term":[{"taxonomy":"category","embeddable":true,"href":"https:\/\/www.elha.de\/fr\/wp-json\/wp\/v2\/categories?post=11888"},{"taxonomy":"post_tag","embeddable":true,"href":"https:\/\/www.elha.de\/fr\/wp-json\/wp\/v2\/tags?post=11888"}],"curies":[{"name":"wp","href":"https:\/\/api.w.org\/{rel}","templated":true}]}}

<p>Après l'AMB, c'est avant l'AMB !</p>



<p>Sur une surface d'exposition d'environ 170 m², nous avons eu l'occasion de présenter notre entreprise et nos dernières innovations à un large public de professionnels. En tant que site leader pour les machines de précision et les technologies de fabrication, l'Allemagne est le marché idéal et l'AMB a offert la scène parfaite pour présenter nos solutions.</p>



<p>Outre des discussions inspirantes, nous avons présenté notre modèle PKM en briques de serrage, qui a suscité un grand intérêt. En outre, les visiteurs ont pu explorer notre module de fabrication revalorisé, qui a reçu une nouvelle fonctionnalité grâce à un rétrofit. Un autre point fort a été notre machine à sous, qui permettait de gagner des prix passionnants et a suscité de nombreux moments de joie.</p>



<figure class="wp-block-video"><video height="1080" style="aspect-ratio: 1920 / 1080;" width="1920" controls src="https://www.elha.de/wp-content/uploads/Sequenz-02_1.mp4"></video></figure>



<p>Vous nous avez rendu visite au salon et souhaitez en savoir plus ? Cliquez sur les boutons ci-dessous pour obtenir plus d'informations sur les domaines suivants. N'hésitez pas à nous contacter si vous avez des questions.</p>



<!DOCTYPE html>
<html>
<head>
<style>
    .custom-button {
        background-color: #0084bc;
        color: #fff;
        border: none;
        padding: 10px 20px;
        text-align: center;
        text-decoration: none;
        display: inline-block;
        font-size: 16px;
        margin: 10px;
        cursor: pointer;
        border: 2px solid #0084bc;
        border-radius: 0px;
        min-width: 150px; /* Set the minimum width for all buttons */
    }
    .custom-button:hover {
        background-color: #fff;
        border: 2px solid #0084bc;
        color: #0084bc;
    }
</style>
</head>
<body>
    <a class="custom-button" href="https://www.elha.de/fr/machines/modules-de-cinematique-parallele/">PKM</a>
    <a class="custom-button" href="https://www.elha.de/fr/machines/modules-de-finition/">Modules de fabrication</a>
    <a class="custom-button" href="https://www.elha.de/fr/after-sales/">Retrofit</a>
    <a class="custom-button" href="https://www.elha.de/fr/machines/centres-de-fraisage-rotatifs-verticaux/">VTM</a>
</body>
</html>




<figure class="wp-block-gallery has-nested-images columns-default is-cropped wp-block-gallery-2 is-layout-flex wp-block-gallery-is-layout-flex">
<figure class="wp-block-image size-large"><img loading="lazy" decoding="async" width="705" height="940" data-id="12181" src="https://www.elha.de/wp-content/uploads/20240910_143931465_iOS-705x940.jpg" alt="" class="wp-image-12181" srcset="https://www.elha.de/wp-content/uploads/20240910_143931465_iOS-705x940.jpg 705w, https://www.elha.de/wp-content/uploads/20240910_143931465_iOS-345x460.jpg 345w, https://www.elha.de/wp-content/uploads/20240910_143931465_iOS.jpg 960w" sizes="auto, (max-width: 705px) 100vw, 705px" /></figure>



<figure class="wp-block-image size-large"><img loading="lazy" decoding="async" width="705" height="940" data-id="12179" src="https://www.elha.de/wp-content/uploads/20240910_143813141_iOS-705x940.jpg" alt="" class="wp-image-12179" srcset="https://www.elha.de/wp-content/uploads/20240910_143813141_iOS-705x940.jpg 705w, https://www.elha.de/wp-content/uploads/20240910_143813141_iOS-345x460.jpg 345w, https://www.elha.de/wp-content/uploads/20240910_143813141_iOS.jpg 960w" sizes="auto, (max-width: 705px) 100vw, 705px" /></figure>



<figure class="wp-block-image size-large"><img loading="lazy" decoding="async" width="705" height="940" data-id="12180" src="https://www.elha.de/wp-content/uploads/20240910_143911353_iOS-705x940.jpg" alt="" class="wp-image-12180" srcset="https://www.elha.de/wp-content/uploads/20240910_143911353_iOS-705x940.jpg 705w, https://www.elha.de/wp-content/uploads/20240910_143911353_iOS-345x460.jpg 345w, https://www.elha.de/wp-content/uploads/20240910_143911353_iOS.jpg 960w" sizes="auto, (max-width: 705px) 100vw, 705px" /></figure>



<figure class="wp-block-image size-large"><img loading="lazy" decoding="async" width="940" height="734" data-id="12178" src="https://www.elha.de/wp-content/uploads/A7400038-1-940x734.jpg" alt="" class="wp-image-12178" srcset="https://www.elha.de/wp-content/uploads/A7400038-1-940x734.jpg 940w, https://www.elha.de/wp-content/uploads/A7400038-1-460x359.jpg 460w, https://www.elha.de/wp-content/uploads/A7400038-1.jpg 1280w" sizes="auto, (max-width: 940px) 100vw, 940px" /></figure>



<figure class="wp-block-image size-large"><img loading="lazy" decoding="async" width="705" height="940" data-id="12182" src="https://www.elha.de/wp-content/uploads/20240910_144417541_iOS-705x940.jpg" alt="" class="wp-image-12182" srcset="https://www.elha.de/wp-content/uploads/20240910_144417541_iOS-705x940.jpg 705w, https://www.elha.de/wp-content/uploads/20240910_144417541_iOS-345x460.jpg 345w, https://www.elha.de/wp-content/uploads/20240910_144417541_iOS.jpg 960w" sizes="auto, (max-width: 705px) 100vw, 705px" /></figure>
</figure>



<p></p>
